e factors of o.
2, 3
Let u = 319 - 345. Let f be (5/1)/(2/(-16)). Let m = u - f. What are the prime factors of m?
2, 7
Suppose 22*t = -19632 + 64050. Let v = -1272 + t. What are the prime factors of v?
3, 83
Suppose -9*t - 307 = 17. What are the prime factors of (-42236)/t - (-8)/(-36)?
3, 17, 23
Let f(h) = -17*h - 166. Let s be f(-10). Let l(a) = 18*a**3 + 5*a**2 - 7*a + 11. What are the prime factors of l(s)?
3, 5
Let r = 5290 - 3736. Suppose 5*i = 4*p - 3093, 2*p - r = 9*i - 5*i. What are the prime factors of p?
13, 59
Let w be (0 + 2)/(10/15). Suppose w*t = 89 + 520. Let b = t + -32. List the prime factors of b.
3, 19
Suppose 3*o = -5*x + 75715, -1885*x + 1889*x = -16. What are the prime factors of o?
3, 5, 11, 17
Let z = -12552 - -23592. What are the prime factors of z?
2, 3, 5, 23
Let l = 20 + -16. Suppose l*o - 23 = 5. Suppose o*q + 40 - 117 = 0. List the prime factors of q.
11
Suppose 5*k = -k + 126. Suppose 4*z - 18 = q - 2*q, 0 = -3*z + 3*q + k. Suppose -3*o + z*n = -485, -n - 161 = -4*o + 3*o. List the prime factors of o.
2, 5
Suppose -230 = -d - 226. Suppose 2124 = d*u + 3*f, -2*f + 856 = 3*u - 736. What are the prime factors of u?
2, 3, 11
Let m = -147 - -149. Suppose 4*c = -q + 232, -6*q + m*q - 269 = -5*c. What are the prime factors of c?
3, 19
Let r(z) = 364*z**2 - 392*z - 2275. List the prime factors of r(-6).
7, 269
Let b be (-6)/(-12) + (-3)/(-2). Let s = 14 - 11. Suppose -5*g = -s*o - b*o - 375, -4*g = -o - 288. List the prime factors of g.
71
Let i = -80 + 56. Let r be -3*(-3 + i/(-9) + -475). Suppose 524 = -11*s + r. List the prime factors of s.
2, 41
Let i = -8085 - -13534. What are the prime factors of i?
5449
Let n = 68 - 67. Let g be (9/12)/(n/4 + 0). Suppose 150 = g*x + 2*b + 3*b, 0 = -3*x + 2*b + 150. List the prime factors of x.
2, 5
Let d be (38 + 0)/(4/(-308)*-2). Let f = d + -840. What are the prime factors of f?
7, 89
Suppose 4*t - 4*u = -0*t + 384, u - 268 = -3*t. Let x be 7/(-28) - t/4. Let v = x + 27. What are the prime factors of v?
2
Suppose -2*c + 1623 = c + 1491. Suppose -4*p + 4*m = -84, 0 = -3*p + 3*m - 4*m + 59. Let r = c - p. List the prime factors of r.
2, 3
Let l(d) = 2*d**3 + 105*d**2 - 27*d + 125. What are the prime factors of l(-52)?
3, 17, 83
Suppose -5*l - 6*m + 2*m + 68 = 0, -5*l + 64 = 2*m. Let b(f) = -f**3 + 14*f**2 + 8*f - 9. List the prime factors of b(l).
3, 5
Let o(l) = l**2 - l + 2. Let s be o(1). Let d(j) = -18*j + j**s - 6 + 33*j - 16*j. What are the prime factors of d(-7)?
2, 5
Let c(h) = -210*h - 138. Suppose 3*q + 5*r + 30 = 2*r, 2*r = -10. What are the prime factors of c(q)?
2, 3, 19
Let u = 7 + 49. Suppose -4*t = 0, u = 5*p + t - 39. Let r = 71 + p. What are the prime factors of r?
2, 3, 5
Let v = -2061 - -2066. Let u be 11875/15 + 1/3. List the prime factors of (-1)/(u/(-158) + v).
79
Let r(y) = 72*y**3 - 18*y**2 - 6*y + 1. What are the prime factors of r(6)?
14869
Let a(d) = 2 + 6 - 99*d + 100*d. Let c be a(-5). Suppose 5*o - 312 = -5*j + 493, 0 = 5*o + c*j - 799. List the prime factors of o.
2, 79
List the prime factors of 5 + -3 - 2 - (0 - 13553).
13553
Let i be (-84)/(-196) + (-53)/(-7). List the prime factors of 42/(-112) - (-147)/i.
2, 3
Suppose -27*j = -29*j - 2*l + 3350, -3*j - 4*l + 5029 = 0. What are the prime factors of j?
3, 557
Let w = 22047 + -13689. Suppose -w = -2*z - 5*z. List the prime factors of z.
2, 3, 199
Suppose 0 = 3*k - 2*r - 51174, 35*k - 2*r + 34086 = 37*k. List the prime factors of k.
2, 3, 7, 29
Suppose 4*i + 16 = 0, -4*i = -2*m - 0*i + 158. Let w = m + -67. Suppose w*z = 2*s - 140, -9*z + 70 = s - 4*z. What are the prime factors of s?
2, 5, 7
Suppose -2*g - 42*u = -39*u - 85545, -12 = -4*u. What are the prime factors of g?
2, 3, 11
Let p(m) = 8*m**2 + 19*m + 19. Let g(j) = -7*j**2 - 18*j - 18. Let c(o) = -6*g(o) - 5*p(o). Suppose -2 = b + 4. List the prime factors of c(b).
7
Let o(g) = -g**2 - 23*g - 35. Let z(k) = -k**2 - 20*k - 36. Let u(m) = -3*o(m) + 2*z(m). List the prime factors of u(-31).
5, 19
Let l(k) = 13*k - 17. Let m be l(3). Suppose -u - 4*j + 211 = 0, 5*u - 18*j + m*j - 1007 = 0. What are the prime factors of u?
199
Let y(q) = -3646*q**3 - 3*q**2 + 2*q. Let a be y(1). What are the prime factors of 6 + (1 - a/7)?
2, 3, 11
Let x = -15572 + 28730. What are the prime factors of x?
2, 3, 17, 43
Let i = -9157 + 13972. List the prime factors of i.
3, 5, 107
Let y(v) = -39*v**3 + 113*v**2 - 17*v + 14. What are the prime factors of y(-8)?
2, 5, 547
Let b(g) = 16*g**2 - 25*g - 43. Let q be b(-10). Suppose 0 = -4*s + 2*f + 2426, -2*s + 5*s - q = -f. List the prime factors of s.
2, 151
Suppose -14*g + 19*g - 45 = 0. Suppose -5*f = -4*m + 753, -339 = -2*m - 14*f + g*f. What are the prime factors of m?
2, 7, 13
Suppose 0 = 3*p + 6, -44 = -2*h - 0*p + 3*p. Let d(c) = 6*c + 45. Let f be d(h). Suppose -4*m = -f - 477. List the prime factors of m.
3, 53
Suppose -v + 6470 = 5*k, 12*k = 8*k + 4*v + 5200. What are the prime factors of k?
5, 7, 37
Let y(g) = 5*g**2 - 193*g - 2263. List the prime factors of y(-11).
3, 5, 31
Let o(g) = -6*g + 15. Let j be o(2). Suppose 4*b - 679 = -j*u, 5*u + 2*b - b = 1126. What are the prime factors of u?
3, 5
Suppose 5*t - 2*f - 21329 = -f, 0 = 5*f + 20. List the prime factors of t.
5, 853
Suppose 0 = -16*u + 22*u - 17*u + 134629. What are the prime factors of u?
12239
Let c = 29 - 33. Let u be (94/3)/(c/(-6)). Let j = u + 5. List the prime factors of j.
2, 13
Suppose -4*l - l = -5*b + 115, 4*b = l + 20. Let u = -17 - l. Suppose 0 = u*m - 185 - 46. List the prime factors of m.
3, 11
Let x be 3/(4/(-2) - -3). Let j be ((-85)/(-51))/(1/x). Suppose 0 = 4*k - 5*v - 272, -3*k + j*v = -8*k + 295. What are the prime factors of k?
3, 7
Suppose -2*m = -6, 3*j + 5*m + 14845 = 48688. List the prime factors of j.
2, 2819
Suppose -3*h + 6 + 7 = c, -c - 12 = -2*h. Suppose 3*w - x - 21 = -4, h*w = 2*x + 30. Let d(v) = v**3 + 2*v - 7. What are the prime factors of d(w)?
5, 13
What are the prime factors of ((-53360)/6 + -2)*(-171)/114?
11, 1213
Let z = 28640 + -16101. What are the prime factors of z?
12539
Suppose -7*v = -3*r - 11*v + 7520, 0 = 5*r + v - 12539. Suppose -r = -310*h + 304*h. List the prime factors of h.
2, 11, 19
Let a be (-2)/6*(43 + -4). Let t(x) = -x**3 - 16*x**2 - 52*x + 8. List the prime factors of t(a).
3, 59
Let y(i) be the second derivative of -7*i**3/6 - 3*i**2 - 2*i. Let u(f) = -f**3 - 28*f**2 - 53*f - 35. Let s be u(-26). What are the prime factors of y(s)?
3, 19
Suppose 6*r = 3*r - 12, 4*h + 4*r - 2828 = 0. Suppose 2*z - h = 345. List the prime factors of z.
2, 3, 11
Let f(r) = 70*r**2 + 90*r - 105. List the prime factors of f(-18).
3, 5, 11, 127
Let l(t) be the first derivative of -7*t**4 - 2*t**3/3 + 4*t - 291. What are the prime factors of l(-3)?
2, 7, 53
Let a(f) = -f**2 - 4*f + 98. Let u be a(-11). Suppose u*v = 20*v + 889. List the prime factors of v.
7, 127
List the prime factors of 4 - (5/(25/(-535)))/(6/234).
4177
Let v = -39 + 44. Suppose 4*m - f = -0*f + 49098, 0 = v*m + 2*f - 61366. What are the prime factors of (-4)/18 + m/153?
2, 5
Suppose 6*i - 43999 = 52979. List the prime factors of i.
7, 2309
What are the prime factors of ((-5065)/(-2026))/(2/(-41957)*(-5)/4)?
41957
Let o = 2865 + -2420. List the prime factors of o.
5, 89
Let i(z) = 14945*z**3 + 17*z**2 - 18*z + 1. What are the prime factors of i(1)?
5, 7, 61
Suppose 6*m + 3 + 51 = 0. Let c be (-6)/m - (-70)/21. Suppose -h + 82 = d - 55, c*h = 5*d - 703. List the prime factors of d.
139
Suppose m - 3 = 0, 3*f + 221 = 5*m + 245. Let i(s) = -s**3 + 7*s**2 - 5*s + 8. Let y be i(6). Suppose -f*r - 15 = -y*r. List the prime factors of r.
3, 5
List the prime factors of 5 + -11 - (-334 + (-21)/(-7)) - 5.
2, 5
Suppose -5*b - 3*r + 10 = 0, 6*b - b = r + 30. Suppose 0*d = b*d + 5*w - 1640, 4*d - 1344 = 4*w. What are the prime factors of d?
2, 83
Suppose 10*p = 9*p - 38. Let y = 243 - p. What are the prime factors of y?
281
Suppose 5*q - h - 22214 = 0, -2*q + h + 8885 = -0*q. What are the prime factors of q?
3, 1481
Suppose -2*c = 3*a - 19547, -26048 = -17*a + 13*a + c. What are the prime factors of a?
3, 13, 167
Let v be ((-4)/(-1) - 5) + -16. Let s be 20 + v + 1*2. Suppose p + 237 = 2*t, s*t + 4*p = -p + 585. What are the prime factors of t?
2, 59
